12
Let b(l) = -3*l - 5. Let a be b(-4). Suppose -j - 3*m + a = -4, 2*m - 12 = 4*j. Calculate the remainder when (-14 - (j + 0))/(-1) is divided by 7.
6
What is the remainder when 2/4 + 465/10 is divided by 10?
7
Suppose -4*n = 16, a + a + 2 = n. Suppose 41 = 2*l - 57. What is the remainder when l is divided by 15 + 1 + (-2 - a)?
15
Let k(l) = -l**2 - 18*l + 30. Suppose -3*h = 2*o + 20 - 67, 3*h + 48 = 3*o. Calculate the remainder when k(-15) is divided by o.
18
Let b(w) = 2*w**2 + 3*w - 3. Let k be b(-5). Suppose 4*m - l = 49, -3*l = m - k + 10. Suppose 22 = 5*c - m. What is the remainder when 19 is divided by c?
5
Suppose -3*k + 23 = -379. Calculate the remainder when k is divided by 68.
66
Let h(w) = -2 + 3 - 1 - 1 + 18*w. What is the remainder when h(4) is divided by 24?
23
Let c(h) = h**2 + 5*h - 2. Let m(i) = -9*i. Let w be m(-1). Suppose 0 = 3*d + 3, 1 = -k + d + w. Calculate the remainder when k is divided by c(-6).
3
Let i = -33 - -46. What is the remainder when 28 is divided by i?
2
Let x = 4 - 2. Let g = 0 + x. Suppose -16 = -3*s + g. What is the remainder when 10 is divided by s?
4
Suppose 2*r - 4*w = r + 25, -16 = -r - 5*w. Calculate the remainder when 39 is divided by r.
18
Suppose -4*f + 42 = -18. What is the remainder when 133 is divided by f?
13
Suppose -87 = -2*s - s. Calculate the remainder when s is divided by 10.
9
Let x(u) = -u**3 - 10*u**2 + 10*u - 1. What is the remainder when 39 is divided by x(-11)?
9
Let d(q) = q**2 - 4*q - 5. Let n be d(7). Let s = -9 + n. Calculate the remainder when 20 is divided by s.
6
Suppose 0 = 4*o - 454 + 162. What is the remainder when 214 is divided by o?
68
Let r(z) = -2*z - 1. Let h be r(-3). Suppose -20 = -h*k - 5*j, -3*k + 35 - 2 = -4*j. What is the remainder when (-4)/(-10) - ((-2058)/15)/7 is divided by k?
6
Let z = -1 + 2. Let c be z*((2 - 1) + 1). What is the remainder when 24 - (-3 + 4/c) is divided by 13?
12
Let p(i) = -i**2 + 4*i - 6. Let y be p(4). Let l(v) = 1 + 2 - 3 + 2 + v**2 + 5*v. Calculate the remainder when l(y) is divided by 3.
2
Calculate the remainder when (0 + 18)/(26/39) is divided by 7.
6
Suppose 5*j = 7*j - 14. What is the remainder when 18 is divided by j?
4
Let j(n) = -n**3 + 4*n**2 - 4*n + 2. Let i be j(2). Suppose x = -r + 4*r + 9, i*x - 5*r - 20 = 0. Calculate the remainder when 42 is divided by x.
12
Let f be 0 + -1 + 160 + 1. Let s = f + -100. Suppose 0 = 4*j + j - s. What is the remainder when 46 is divided by j?
10
Suppose -9*m + 11*m - 26 = 0. Let u = 115 - 67. Calculate the remainder when u is divided by m.
9
Let v(f) = -1. Let o(c) = -8*c - 5. Let w(d) = o(d) - 2*v(d). What is the remainder when w(-3) is divided by 11?
10
Suppose -4*u = -2*s - 0*u + 16, -3*u = -3*s + 33. Suppose 4*f + n - 100 = 5, -5*f + 138 = -n. What is the remainder when f is divided by s?
13
Suppose 5*a - 309 = y - 71, -y - 144 = -3*a. Calculate the remainder when a is divided by 17.
13
Let z be 2 + 4/(16/4). Suppose 0 = -2*o - 5*l + 174, 3*o - 62 - 190 = -3*l. Suppose z*v - v = o. What is the remainder when v is divided by 21?
20
Let s(l) = 23*l**3 + l. What is the remainder when s(1) is divided by 18?
6
Suppose -3*t = t. Suppose -5*x = -5*b + 85, -1 = 2*b - t*b + 5*x. Calculate the remainder when 35 is divided by b.
11
Let y = 52 + -21. Suppose j + 2*a - y = 0, -a - 4*a + 112 = 4*j. What is the remainder when 90 is divided by j?
21
Suppose 0*k - 2*k + 4 = 0. Suppose 4*h = -h + 5. Let o = h + k. What is the remainder when 5 is divided by o?
2
Let v(l) = -l - 2. Let n be v(-5). Let r = n + 0. Let a = r + -2. Calculate the remainder when 2 is divided by a.
0
Calculate the remainder when 75 is divided by 27 + ((-4)/4)/1.
23
Let o(c) = 4*c + 5. Calculate the remainder when o(6) is divided by 16.
13
Suppose 3*i = 2*f - 26, 3*f - 6*i - 39 = -i. Let t = f + 13. Suppose 14 = 7*v - 5*v. What is the remainder when t is divided by v?
5
Let h be -1 + (5 - 2) - 1. Suppose 0 = -u + 1 + h. Let f = -50 - -52. Calculate the remainder when u is divided by f.
0
Let i(p) = 4 + 7*p**2 + 5*p - 3 - 4 + 1 + p**3. Let q be i(-6). Calculate the remainder when 13 is divided by -7*(-3)/12*q.
6
Let a(y) = -5*y**3 - 4*y**2 - 4*y - 3. Let n be a(-3). Suppose 6*w - n = 4*w. What is the remainder when w is divided by 14?
12
Suppose 0 = l + 2*g - 81, l + 0*g + 3*g = 76. What is the remainder when l is divided by 31?
29
Let t = -31 + 57. What is the remainder when (-20 - -3)/(1/(-3)) is divided by t?
25
Let p = -58 - -64. Calculate the remainder when 14 is divided by p.
2
Let g(i) be the second derivative of 9*i**4/4 + i**3/3 - i**2/2 + i. Let w(o) = 5*o**2 - 5*o + 5. What is the remainder when g(1) is divided by w(2)?
13
Suppose -163 - 65 = -4*t. Let s = 64 + -44. Calculate the remainder when t is divided by s.
17
Let j(w) = 2*w + 1. Calculate the remainder when 48 is divided by j(12).
23
What is the remainder when 90 is divided by 23 - (6/(-3) + 2)?
21
Let s = 7 - 1. What is the remainder when 15 is divided by s?
3
Suppose -3*b + 3*h + 31 - 10 = 0, b = -3*h - 1. Suppose -4*s - 3*j = -55, -3*j - j + 68 = b*s. Calculate the remainder when 61 is divided by s.
13
Let y(l) = 2*l - 5*l - 3 + 3*l**2 + 0. Let a be 6*-3*5/30. Calculate the remainder when y(a) is divided by 17.
16
Let c = 3 - 2. Suppose 2*l + 5*t = 89, 12*t - 52 = -l + 7*t. What is the remainder when l is divided by 1*14 - c - 0?
11
What is the remainder when 6 is divided by (-6)/(-9) - (-39)/9?
1
Calculate the remainder when (18/15)/((-6)/(-20)) is divided by 2.
0
Let i = 11 + -9. What is the remainder when (-69)/(-2) - 1/i is divided by 18?
16
Let n = 34 + -57. Let t = 36 + n. What is the remainder when 38 is divided by t?
12
Let j be 1/2 + 216/(-16). Let n = 38 + j. Calculate the remainder when 74 is divided by n.
24
Suppose -22 - 4 = -2*o. Calculate the remainder when 49 is divided by o.
10
Let n be (-1)/3*(0 + -30). What is the remainder when 34 is divided by (12/n)/((-4)/(-30))?
7
Suppose -2*j + 34 = -2*c - 26, -2*c - 4*j = 48. What is the remainder when 13 is divided by 6/(-12)*c/2?
6
Let s be -1*(-3)/(-6)*-8. Suppose 2*v - 5*q = 30, q - 61 = -s*v - 23. Suppose 0*k + k = -g + 34, -k = 3*g - 108. Calculate the remainder when g is divided by v.
7
Let k(i) = -i - 1. Let o be k(-3). What is the remainder when 33 is divided by o/(-4)*(-3 - 31)?
16
Let j(w) = -3*w + 5. Let l(z) = z + 1. Let v(g) = j(g) - 3*l(g). What is the remainder when v(-2) is divided by 8?
6
Let a(q) = q**2 - 2. Let b be a(2). Suppose 0 = 3*u - 3*d - 39, -4*u + b*d - 3*d + 32 = 0. What is the remainder when u is divided by 6?
3
Let t be 5994/78 - 2/(-13). Let j = -43 + t. What is the remainder when j is divided by 9?
7
Let y be ((-3)/2)/(1/(-2)). Suppose -5*p + 108 = -t - 59, y*p + 5*t = 89. Calculate the remainder when p is divided by 2/4 + 33/2.
16
Let b(s) = 0*s + 3*s - 3 + 0. Let z(h) = 5*h**2 + 2*h - 2. Let u be z(1). What is the remainder when 34 is divided by b(u)?
10
Let p(m) = -m**3 + 6*m**2 + 3*m + 3. Let k be p(7). Calculate the remainder when (1 - 4)*k/3 is divided by 9.
7
Suppose -3*r - 68 = -4*q + 2*r, -4*q + 96 = 2*r. What is the remainder when q is divided by 6?
4
Let l = -3 + -2. Let o = 10 + l. What is the remainder when 19 is divided by o?
4
Let x = 20 + 0. Suppose v - 12 = -q, -x = 3*q - 8*q + 3*v. Calculate the remainder when 20 is divided by q.
6
Let n be 18/(-22) - (-2)/(-11). Let w = 13 + n. Calculate the remainder when 21 is divided by w.
9
Calculate the remainder when 104/3 - 8/12 is divided by 6.
4
Let c(j) = 9*j + 1. Let n(w) = w**2 + 7*w + 2. Let d be n(-7). Suppose h = -d*h + 6. Calculate the remainder when c(h) is divided by 10.
9
Suppose 158 = 3*q - 4*i, 3*q + 3*i - 141 = -18. Calculate the remainder when 86 is divided by q.
40
Let s = -9 - -17. Let j = 13 - s. What is the remainder when j is divided by 3?
2
Suppose -w - 6 + 8 = 0. Suppose -3*n = -9, -w*n + 19 = -0*a + a. Calculate the remainder when 37 is divided by a.
11
Let f(x) = -x**2 - 28*x + 52. Calculate the remainder when f(-28) is divided by 11.
8
Let p be (-4)/(-6) + 56/24. Suppose -5*j + 107 = -p*q + 277, 2*j - 142 = -3*q. Let o(c) = c**2 + 17. Calculate the remainder when q is divided by o(0).
16
Let x(p) = 54*p. Let w be x(-1). What is the remainder when ((-1)/2)/(3/w) is divided by 